er?
True
Is 1508128233 composite?
True
Is 5912533267 a prime number?
True
Is 234008479 composite?
True
Is 5143353833 a prime number?
False
Is 1382954771 a composite number?
True
Is 4320397619 a composite number?
False
Is 3003797659 prime?
True
Is 250225835 a composite number?
True
Is 35524036519 a prime number?
False
Is 3419910007 composite?
False
Is 4095844007 a composite number?
False
Is 7488522211 composite?
True
Is 284979289 composite?
True
Is 28417660567 composite?
False
Is 413595277 a composite number?
True
Is 11463048021 prime?
False
Is 857369 prime?
True
Is 578935999 prime?
True
Is 12157352411 prime?
True
Is 203343163 composite?
False
Is 7188453907 prime?
False
Is 190719132631 prime?
True
Is 3249328591 composite?
False
Is 74421563 composite?
True
Is 68351574047 a composite number?
False
Is 199110347437 a prime number?
False
Is 1856206051 a prime number?
False
Is 841999141 a prime number?
True
Is 4246300087 a composite number?
False
Is 41107397 composite?
False
Is 933246995 prime?
False
Is 980404967 composite?
True
Is 155289886949 a composite number?
False
Is 59787635743 composite?
True
Is 100916462327 a prime number?
True
Is 76704088463 prime?
True
Is 17879979443 composite?
False
Is 775274519 prime?
True
Is 30310381 composite?
True
Is 4804118519 a prime number?
False
Is 817210513 a prime number?
False
Is 13815387601 a composite number?
False
Is 4843881599 prime?
True
Is 2589831583 a composite number?
False
Is 3139839749 a composite number?
True
Is 194267132021 a prime number?
True
Is 1756996559 a prime number?
False
Is 16662528539 prime?
False
Is 744798247 a composite number?
True
Is 38522233 a composite number?
False
Is 2379071641 prime?
True
Is 3103271081 composite?
True
Is 150399232001 composite?
False
Is 4142086691 a composite number?
True
Is 1116064819 composite?
False
Is 325689433 a composite number?
False
Is 304191493 prime?
False
Is 2189719969 prime?
False
Is 329019433 prime?
False
Is 899520179 composite?
True
Is 499909517 a prime number?
True
Is 3954811327 composite?
True
Is 441669557 prime?
False
Is 30134664557 composite?
False
Is 43887116803 a composite number?
True
Is 13001770219 a prime number?
True
Is 40584051683 a composite number?
True
Is 1754395411 a prime number?
True
Is 1870830293 a prime number?
False
Is 3454209047 a prime number?
True
Is 42080036477 prime?
False
Is 17326848031 composite?
True
Is 26551356677 prime?
True
Is 1377607589 a prime number?
False
Is 1990425797 a composite number?
False
Is 155503125641 composite?
False
Is 122990459 prime?
True
Is 12888367619 prime?
True
Is 53584023 a prime number?
False
Is 88274043391 composite?
True
Is 13089442867 prime?
True
Is 81244781 composite?
False
Is 793581791 a prime number?
False
Is 2404087369 a prime number?
False
Is 3706881011 composite?
True
Is 1957100477 a composite number?
True
Is 23523221 a composite number?
True
Is 89640388441 a prime number?
True
Is 2246005627 a prime number?
False
Is 6356694247 prime?
False
Is 37290711643 a composite number?
False
Is 147449147 a composite number?
True
Is 606206677 composite?
False
Is 32320073567 composite?
False
Is 4118336479 a prime number?
False
Is 157403251385 a composite number?
True
Is 2703559349 a composite number?
False
Is 8310170329 a composite number?
False
Is 3071987557 prime?
True
Is 791941151 a prime number?
False
Is 490159391 prime?
True
Is 14818476677 composite?
True
Is 1089507487 a prime number?
True
Is 173552629687 prime?
True
Is 266928607 composite?
True
Is 1962678167 prime?
True
Is 4169859571 prime?
False
Is 1896237223 a prime number?
True
Is 73015213 composite?
True
Is 5212713911 composite?
True
Is 28489183 prime?
False
Is 3454754869 a composite number?
False
Is 3371771837 a prime number?
False
Is 158080313003 prime?
False
Is 3703836217 composite?
False
Is 539454369 composite?
True
Is 5903499209 composite?
False
Is 19888070549 composite?
False
Is 29375692193 a prime number?
True
Is 1847056143 a prime number?
False
Is 37090319411 composite?
True
Is 6266185649 a prime number?
True
Is 4812386863 a composite number?
True
Is 13207089683 composite?
False
Is 21400464863 a prime number?
True
Is 1509989833 prime?
False
Is 24480924445 a composite number?
True
Is 223664015 prime?
False
Is 15568673833 a composite number?
False
Is 59583907 prime?
True
Is 349087091 composite?
False
Is 470902657 composite?
True
Is 2251985731 composite?
True
Is 2634141203 a prime number?
False
Is 39215770739 a composite number?
False
Is 3135901801 composite?
True
Is 15020954903 a prime number?
True
Is 6286091311 a composite number?
False
Is 3076245439 composite?
False
Is 310655456041 prime?
False
Is 30587507369 prime?
False
Is 2463102947 a prime number?
True
Is 646737901 prime?
False
Is 5927874161 a composite number?
True
Is 2514447011 a prime number?
True
Is 619438207 composite?
True
Is 3169873559 a prime number?
True
Is 1136495011 composite?
False
Is 3796963 a composite number?
False
Is 23759909281 a prime number?
True
Is 23909988247 a prime number?
True
Is 314625937 prime?
False
Is 287212903 prime?
True
Is 43234337 composite?
True
Is 9074966569 composite?
False
Is 2987113369 composite?
True
Is 4997801891 a prime number?
True
Is 1210789547 a composite number?
True
Is 19548604919 a composite number?
False
Is 100521745999 prime?
True
Is 45504629683 composite?
False
Is 2592886561 composite?
False
Is 3121347841 a composite number?
False
Is 42602808553 prime?
True
Is 713349641 composite?
True
Is 41415273169 a prime number?
False
Is 74332208441 a prime number?
True
Is 70091688023 a prime number?
False
Is 280080323 a composite number?
True
Is 16444138727 composite?
False
Is 93998369 composite?
False
Is 2121197173 composite?
True
Is 8482432129 a prime number?
False
Is 4894286119 prime?
False
Is 399708457 a prime number?
False
Is 2014053497 a composite number?
False
Is 82695017 a composite number?
False
Is 149369316218 a composite number?
True
Is 886625017 composite?
True
Is 9876846079 prime?
False
Is 12901710421 composite?
False
Is 16343389 prime?
True
Is 39966170921 composite?
True
Is 202800302383 a composite number?
True
Is 14358171959 a prime number?
False
Is 39377367053 a composite number?
True
Is 13507008851 prime?
False
Is 306315683 composite?
False
Is 9178743121 prime?
False
Is 31632632893 a prime number?
True
Is 120426426539 composite?
False
Is 407147383 a composite number?
False
Is 2545607677 prime?
True
Is 97341762237 a composite number?
True
Is 13733764307 a prime number?
False
Is 6236144657 prime?
True
Is 7903772497 composite?
True
Is 184448863 a prime number?
False
Is 2614818673 a composite number?
False
Is 5743776697 prime?
False
Is 297043809 prime?
False
Is 4507079063 prime?
True
Is 125214071 prime?
False
Is 24013579573 a prime number?
True
Is 12711387671 composite?
False
Is 4844762179 a prime number?
True
Is 335760979 a prime number?
False
Is 11046289361 prime?
True
Is 3880841009 a composite number?
True
Is 33549553633 composite?
True
Is 13506716119 composite?
True
Is 427713791 prime?
True
Is 189486721 a composite number?
False
Is 2516931319 a prime number?
False
Is 2198567549 composite?
False
Is 3044887613 composite?
True
Is 9243296837 composite?
False
Is 19449758 a prime number?
False
Is 1570773469 a prime number?
False
Is 1417703927 a prime number?
True
Is 2352393133 prime?
True
Is 15122507611 a prime number?
True
Is 116890507 a composite number?
False
Is 1300509937 a prime number?
True
Is 22630889929 a prime number?
False
Is 579260249 a prime number?
False
Is 633477003 a composite number?
True
Is 71301006823 a composite number?
True
Is 100571549861 a prime number?
True
Is 113767942 prime?
False
Is 5861002981 a composite number?
True
Is 10245718117 prime?
False
Is 1158330169 a composite number?
True
Is 2446701461 a composite number?
False
Is 169252970921 a prime number?
False
Is 55533530009 prime?
False
Is 30490798487 a prime number?
False
Is 1693982537 prime?
False
Is 1989241229 prime?
True
Is 65233854817 a prime number?
False
Is 90904527809 a prime number?
False
Is 8592779859 composite?
True
Is 45544852163 a prime number?
True
Is 213041368069 a prime number?
True
Is 50260156537 a composite number?
False
Is 6763794727 composite?
False
Is 3359751721 composite?
False
Is 50383809989 composite?
False
Is 45676730089 compos